s the hundreds digit of q(22)?
2
Suppose -4*l + 22 = 5*r, -8*r + 1 = -6*r - l. Suppose -r*u + 18*u = 24880. What is the hundreds digit of u?
5
Let n(f) = 18*f**2 - 1241*f - 98. What is the tens digit of n(71)?
2
Let m(b) = -15*b**3 - 5*b - 8. Let q = -24 - -22. What is the tens digit of m(q)?
2
Suppose 0 = -13*p + 55448 + 22903. Suppose -h + p = 4*a, 2*a - 2895 - 111 = -2*h. What is the units digit of a?
8
Let v = -195 - -117. Let p = 90 - 113. Let r = p - v. What is the tens digit of r?
5
Let c be 16/12*3/(-2). Let f be ((-3)/(-6)*c)/(2/332). Let m = f + 307. What is the units digit of m?
1
Let j(b) = -2*b - 47. Let a be j(-25). Suppose -2*o + 6*d - 3*d + 1091 = 0, o = a*d + 541. What is the hundreds digit of o?
5
Suppose 19*b - 160 = 3*b. Let s = b + 248. What is the units digit of s?
8
Suppose 3*u = -u - 560. Let z be ((432/(-30))/(-6))/((-2)/u). Let y = z - -59. What is the tens digit of y?
2
Suppose -3*l + 7*l - 34 = -d, 2*l = -4*d + 80. Suppose -756 = -d*f + 14*f. What is the tens digit of f?
8
Suppose i + 4*i + 10 = 5*r, 0 = -3*i - 5*r + 2. What is the tens digit of (i - -368 - -6) + 1?
7
Suppose 982*x + 3*s = 984*x - 30852, 5*x + 2*s - 77130 = 0. What is the hundreds digit of x?
4
Let n(y) = 210 + 375*y - 9*y - 202 + 48*y. What is the hundreds digit of n(1)?
4
Let b = 80 - 79. Let m be 1 + 14 + b*(-1 - -2). Suppose -5*h + h + m = 0. What is the units digit of h?
4
Suppose 4*t = -0*t + m + 4, 4*t + 4 = 3*m. Suppose w - r - 323 = 0, -t*r - 3*r = 0. What is the hundreds digit of w?
3
Let n = -8590 + 8717. What is the tens digit of n?
2
Suppose 5*d - 45 = -4*d. Suppose o - 565 - 239 = -4*q, -q + d*o + 180 = 0. What is the units digit of q?
0
Let n be 1/((-267)/(-135) + -2). Let b be (-1)/(-3) + (-287)/123. What is the tens digit of (18/n)/(b/415)?
8
What is the hundreds digit of (-171 - -165)/((-2)/2567)?
7
Let p(d) = 470*d + 1153. What is the tens digit of p(8)?
1
Let k(n) = n**2 - 3*n - 1. Let y be k(5). Let p(z) = y*z - 11*z - 34 - 3*z - 20*z. What is the units digit of p(-6)?
6
Suppose -4*x = k - 7, -35*x + 37*x - 16 = 2*k. Suppose x*t + 12870 = 21*t. What is the hundreds digit of t?
7
Suppose 27*d + 530821 = 1766179. What is the units digit of d?
4
Let b(s) = 51*s**2 - 117*s + 63. What is the units digit of b(10)?
3
What is the units digit of (-3 - -3)/(-1) + 11*(-973)/(-7)?
9
Let u(v) = 4*v + 3*v**2 - v + v**3 - 1 + 4 - v. Let a(b) = -b**3 - 4*b**2 - 2*b - 4. Let z(h) = 4*a(h) + 5*u(h). What is the units digit of z(1)?
1
Suppose 67*b - 81377 = -57*b + 47087. What is the hundreds digit of b?
0
Let m(a) = -a**2 - 9*a - 25. Let t(y) = 2*y**2 + 18*y + 49. Let g(u) = -7*m(u) - 3*t(u). What is the tens digit of g(17)?
7
Suppose 6*g - 80711 = 11329. What is the tens digit of g?
4
Suppose -24*l - 66127 = -5*j - 22*l, -2*j - l = -26449. What is the thousands digit of j?
3
Suppose -4*z = 156*b - 160*b + 12884, 2*b - 5*z = 6436. What is the units digit of b?
3
Let b(s) be the first derivative of -3*s**4/4 + s**3/3 - s**2/2 + 529*s - 96. What is the hundreds digit of b(0)?
5
Suppose -164 = 7*s - 5*s. Let q = -75 - s. Suppose -q*d + 0*d = -280. What is the units digit of d?
0
Suppose 7*a = 19*a - 87036. What is the tens digit of a?
5
Suppose -698 - 578 = -2*u. Let o = 1723 - u. What is the tens digit of o?
8
Let p be -2*(-1)/(1 + 3 + -3). Let l(f) = 94*f - 10. Let o be l(p). Suppose 207 = 2*a - 5*i - o, 3 = -i. What is the hundreds digit of a?
1
Suppose -16*m = -21*m + z + 5484, 0 = z - 1. What is the hundreds digit of m?
0
Let y(o) = -o + 1. Let f(r) = 3*r**2 + 6*r - 16. Let d(i) = f(i) + 6*y(i). Let w be (-2)/8 + (798/56)/(-3). What is the units digit of d(w)?
5
Suppose r - 12 = 9. Let f be 602/r + (-2)/(-6). Let t = 29 + f. What is the units digit of t?
8
Let s be (-6)/(-24) - 45/(-12). Suppose s*l - 6*l = -294. Let n = -77 + l. What is the units digit of n?
0
Suppose 4*m = -4*l + 31504, -15*l = -16*l + m + 7870. What is the thousands digit of l?
7
Suppose 0 = -5*r + 5*b, 4*r - 27 = -4*b - b. Let l be r/(-9)*(-3)/(-1)*-21. Suppose -11 = 20*c - l*c. What is the tens digit of c?
1
Suppose -3*g - 4*h - 43 = -0, 3*g + 2*h = -41. Let z = 204 - 172. Let c = g + z. What is the units digit of c?
9
Suppose 87185 = 43*v - 8*v. Let q = v - 1733. What is the units digit of q?
8
What is the thousands digit of (380*143)/10 - -5?
5
Suppose 0 = -i + 5*v + 25028 + 14928, 119884 = 3*i + v. What is the tens digit of i?
6
Let d = 371 + -368. Suppose 2*k - 1182 = -4*g, -d*k + k + 1477 = 5*g. What is the tens digit of g?
9
Let d(k) be the third derivative of k**6/120 + 23*k**5/60 + 5*k**4/12 + 14*k**3/3 - 44*k**2 - 3. What is the tens digit of d(-22)?
9
Let n = 11033 - -51762. What is the hundreds digit of n?
7
Suppose 3*q - 4 = -0*q + 4*f, 3*q - 2*f - 8 = 0. Suppose 0*r + r + q*u - 30 = 0, 3*u = -6. Suppose 2*m = -r + 236. What is the units digit of m?
9
Let k be (4 + -12)/((-2)/80)*1. Let i = 946 - k. What is the hundreds digit of i?
6
Let m(v) = -v**2 + 30*v + 38. Let h be 4/(-1 + 6/2 - 0). Suppose -2*d + 73 = 6*y - y, 0 = -h*y + 10. What is the tens digit of m(d)?
8
Let t be 1/(-4) + (10922/8)/1. Suppose 23*f - 222 = t. What is the units digit of f?
9
Let y = 15 + -11. Let v(j) = 6*j - 23. Let l be v(3). What is the units digit of 1*(l + y + 60)?
9
What is the hundreds digit of (148 - 9)*(-9 + 165 - (-10)/2)?
3
Let f(i) be the first derivative of -i**2 + 33*i - 4. Let w be f(9). What is the tens digit of w + -13 - (-2 + -46)?
5
Let x be (-7)/(7/3) - 635. Let w = x - -1235. What is the units digit of w?
7
Suppose 0*v + 19 = v. Suppose -4*q - 3 + v = 0. Suppose 3*t - 2*w - 227 = 0, t + q*w - w - 61 = 0. What is the units digit of t?
3
Let q(i) = i. Let r(d) = -d + 1. Let u(y) = -q(y) - 4*r(y). Let x be u(-5). What is the units digit of (3 + -1)/(x/(-152))?
6
What is the thousands digit of (18 + -19)/(((-6)/3)/38206)?
9
Suppose -480*d + 446*d + 320722 = 0. What is the hundreds digit of d?
4
Let s(n) = n - 6. Let z be s(7). Let q = -1291 + 1293. What is the tens digit of 5 + z - q - -10?
1
Let r(z) = z - 13*z**2 + 13*z**2 + 10*z**2 + 1. Let q be r(-1). Suppose q*w = 5*w + 545. What is the units digit of w?
9
Let i be (-2 - (-4 - -7))*(20 - 2). Let x be 750/i - (0 + 2/(-6)). What is the tens digit of ((-16)/(-30))/(x/20)*-120?
6
What is the units digit of (-128)/256*(0 - (6 - -2))?
4
Let q = 3162 + 1247. What is the thousands digit of q?
4
What is the hundreds digit of (154/21)/(6/(-9))*-1579?
3
Suppose 9 = -3*s, 0 = -o + 4*s - 5*s + 2. Suppose -3*u + 300 + 393 = 0. Suppose -u = -o*a - 1. What is the tens digit of a?
4
Let m(t) = 2*t**2 - 193*t + 1210. What is the units digit of m(99)?
5
Suppose -4*g + 18145 = -5*m + 210066, 0 = -3*m + 5*g + 115163. What is the ten thousands digit of m?
3
Let u(a) = -a**3 + 4*a**2 + 4*a + 35. Let f be u(-5). Let i = f + 65. What is the units digit of i?
5
Let h = 9060 + 620. Suppose n - h = -9*n. What is the units digit of n?
8
Let f = 115684 - 71978. What is the thousands digit of f?
3
Let q(l) = 68*l + 1. Let y be q(2). Let d be (116/87)/(4/15). Suppose -3*s + 9 = 0, 2*p + 0*p - y = d*s. What is the tens digit of p?
7
Let x be (-2 - (-2 - -4))/(-7 + 6). Let y be (-2855)/(-10) - 2/x. Suppose 5*f + 5*h = y, f + 4*f - 325 = 5*h. What is the units digit of f?
1
Suppose -4*o = -9*o + 20. Let k be -1 - -4 - 0/(o + 3). Suppose 4*x - 704 + 128 = -4*f, k*x - 430 = -f. What is the units digit of x?
3
Suppose 5*f = -3*q + 3160, 4*q = -41*f + 39*f + 4218. What is the hundreds digit of q?
0
Let x be 81/(-45)*20/(-3). Let p(i) = 2*i**2 - 13*i + 27. Let a be p(x). Let d = a + -53. What is the tens digit of d?
0
Let h be ((-1)/(5/(-10)))/1. Suppose 3*k + 2*t - 8 = -0, h*k + 4*t = 0. What is the tens digit of 117 + 1 + k + -5?
1
What is the units digit of (-35189280)/(-784) + (-64)/28?
2
Let o be (4509/(-9))/(3/(-2)) - 6. Suppose 0 = 10*l - o - 8662. What is the hundreds digit of l?
8
Let j = -18082 + 47080. What is the thousands digit of j?
8
Let x(b) = -b**3 - 3*b**2 - 10. Suppose -5*w + 36 = -94. Suppose -31*v - 30 = -w*v. What is the units digit of x(v)?
8
Let y(h) = h + 2. Let w be y(4). What is the tens digit of (1 + -2)*-909 + w + -7?
0
Let f = -310 + -396. Let g be -4 - (0 + 2 + f). Suppose 3*l + 4*n = g, -9*n - 236 = -l - 13*n. What 